?
True
Is 33 a factor of 134404578?
True
Is 145094576 a multiple of 44?
True
Is 93852198 a multiple of 11?
True
Does 6 divide 331329101?
False
Is 17690198 a multiple of 366?
False
Is 3548930600 a multiple of 4746?
False
Is 19 a factor of 33868621?
True
Is 10367349 a multiple of 104?
False
Does 87 divide 136484904?
True
Is 40445828 a multiple of 6?
False
Is 16029850 a multiple of 1325?
True
Is 76 a factor of 125628165?
False
Is 28293917 a multiple of 1109?
True
Is 5021512441 a multiple of 462?
False
Is 5 a factor of 95613695?
True
Is 19596096 a multiple of 416?
True
Does 154 divide 114712906?
True
Is 17865089 a multiple of 293?
True
Is 10 a factor of 117893050?
True
Is 744141855 a multiple of 15?
True
Is 1313 a factor of 233445441?
False
Is 2713584235 a multiple of 127?
True
Is 179885925 a multiple of 51?
True
Does 58 divide 8950038?
True
Does 79 divide 2644304845?
False
Is 91682514 a multiple of 99?
True
Is 81 a factor of 1525729138?
False
Is 319 a factor of 16631065?
True
Is 5228355040 a multiple of 6980?
True
Is 138328827 a multiple of 9?
False
Does 23 divide 314639655?
True
Is 37 a factor of 17572424?
False
Is 139 a factor of 806704256?
False
Does 33 divide 87846264?
True
Is 72988030 a multiple of 15?
False
Is 907 a factor of 57126595?
False
Is 19 a factor of 801998740?
True
Is 112 a factor of 9413712?
True
Is 319381215 a multiple of 734?
False
Does 123 divide 33764607?
True
Is 79815081 a multiple of 23?
False
Is 10066504 a multiple of 56?
True
Is 11 a factor of 183058569?
False
Is 66026088 a multiple of 2412?
True
Is 4713840 a multiple of 90?
True
Does 510 divide 475735140?
True
Does 25 divide 789397775?
True
Is 243 a factor of 183450906?
True
Is 13 a factor of 923467116?
True
Does 1655 divide 989932485?
False
Is 542257988 a multiple of 944?
False
Is 4444 a factor of 925738528?
True
Is 1195713130 a multiple of 1190?
False
Does 852 divide 123447984?
True
Is 5014020 a multiple of 55?
True
Is 3 a factor of 298435356?
True
Is 1768 a factor of 485374344?
True
Does 37 divide 1957596?
True
Is 646876503 a multiple of 2601?
True
Is 180 a factor of 1201801860?
True
Does 34 divide 24411053?
False
Is 3 a factor of 3925385?
False
Is 2659 a factor of 1179944358?
False
Does 29 divide 12692892?
False
Is 233 a factor of 20342848?
False
Is 3 a factor of 41426110?
False
Is 14 a factor of 103901938?
True
Does 2684 divide 157085176?
False
Is 10 a factor of 9513108?
False
Does 130 divide 1264070340?
True
Is 83753592 a multiple of 24?
True
Is 354022688 a multiple of 2312?
True
Does 125 divide 66036189?
False
Is 843423145 a multiple of 23?
False
Does 15 divide 22587616?
False
Is 32965968 a multiple of 984?
True
Does 24 divide 30237432?
True
Does 99 divide 614592?
True
Is 62406056 a multiple of 83?
False
Does 41 divide 76423203?
False
Does 4704 divide 55026791?
False
Is 139304294 a multiple of 7?
False
Does 46 divide 1094478?
True
Is 14173187 a multiple of 7?
True
Does 45 divide 17168904?
False
Is 11 a factor of 804153402?
False
Is 24366881 a multiple of 641?
False
Is 30 a factor of 213722160?
True
Is 36 a factor of 84830976?
True
Is 52384968 a multiple of 72?
True
Is 604707219 a multiple of 24?
False
Is 32 a factor of 4871552?
True
Is 2176526137 a multiple of 4376?
False
Does 253 divide 23420716?
True
Does 4 divide 19579775?
False
Is 4581 a factor of 1474513322?
False
Is 2067091939 a multiple of 11?
True
Is 34 a factor of 198327005?
False
Is 131847897 a multiple of 262?
False
Is 153609803 a multiple of 43?
True
Is 14 a factor of 22929718?
True
Is 2739510 a multiple of 45?
True
Is 660340455 a multiple of 155?
True
Does 32 divide 2143404?
False
Is 296 a factor of 24264600?
True
Is 3341580 a multiple of 132?
True
Is 124 a factor of 3901412?
True
Is 10 a factor of 49768019?
False
Is 13 a factor of 10215488362?
False
Is 121 a factor of 41559144?
True
Does 56 divide 30362820?
False
Does 108 divide 19202066?
False
Does 1198 divide 214067532?
False
Is 111547431 a multiple of 1180?
False
Is 15 a factor of 1258915500?
True
Does 110 divide 32984085?
False
Does 29 divide 5147516250?
False
Is 5 a factor of 153217250?
True
Is 58 a factor of 3573445482?
True
Is 330 a factor of 319093830?
True
Is 57075565 a multiple of 2081?
False
Is 4467106 a multiple of 322?
True
Is 402 a factor of 92868093?
False
Is 29 a factor of 8129057?
False
Is 367900985 a multiple of 21?
False
Is 2874883610 a multiple of 26?
False
Does 60 divide 1168065960?
True
Does 872 divide 16396277?
False
Is 99 a factor of 301338873?
True
Does 63 divide 33001794?
True
Is 844602098 a multiple of 361?
True
Does 745 divide 128903625?
True
Is 7 a factor of 223977873?
True
Is 423317344 a multiple of 8?
True
Is 79 a factor of 1430734951?
True
Is 12 a factor of 49131434?
False
Does 114 divide 242765138?
False
Does 133 divide 1152792529?
True
Is 6592697 a multiple of 2257?
True
Is 1045684107 a multiple of 13?
True
Is 2644 a factor of 8287159?
False
Is 33076944 a multiple of 828?
True
Does 214 divide 311651124?
False
Is 1712 a factor of 159548128?
True
Is 19 a factor of 100913358?
False
Is 331 a factor of 307642323?
True
Does 3508 divide 2335502727?
False
Is 143420160 a multiple of 507?
True
Is 2069175 a multiple of 27?
False
Is 3032666 a multiple of 3458?
True
Does 80 divide 2641203840?
True
Does 760 divide 3644200?
True
Does 13 divide 5370369108?
True
Is 93487664 a multiple of 8?
True
Is 23939370 a multiple of 1110?
True
Is 604273197 a multiple of 1963?
False
Is 154554950 a multiple of 188?
False
Is 15 a factor of 807494461?
False
Is 1940 a factor of 353514560?
True
Does 51 divide 1362714562?
False
Does 186 divide 3161465?
False
Does 120 divide 681552456?
False
Is 7 a factor of 7786533?
False
Is 8 a factor of 456676440?
True
Is 57003496 a multiple of 76?
True
Does 398 divide 286847754?
True
Is 33 a factor of 11245285?
False
Does 461 divide 1326727574?
True
Is 75 a factor of 47038125?
True
Does 66 divide 2685190068?
True
Is 112 a factor of 37386644?
False
Does 29 divide 151102868?
False
Is 319834350 a multiple of 330?
True
Is 8 a factor of 332488200?
True
Does 25 divide 2450675?
True
Is 206046 even?
True
Is 10 a factor of 34089136?
False
Is 574243219 a multiple of 7387?
True
Is 15 a factor of 61460730?
True
Is 8 a factor of 516078680?
True
Is 136362096 a multiple of 78?
True
Does 428 divide 117324644?
True
Is 865090329 a multiple of 4?
False
Is 938426243 a multiple of 47?
False
Is 7 a factor of 2952262?
False
Is 6915028 a multiple of 13?
False
Is 239 a factor of 66729278?
True
Is 2402178136 a multiple of 2872?
True
Is 33952826 a multiple of 59?
False
Does 119 divide 2191623?
True
Does 12 divide 63024156?
True
Is 46 a factor of 31710422?
True
Is 828513647 a multiple of 45?
False
Is 763 a factor of 684872615?
True
Is 225958973 a multiple of 233?
True
Is 1038 a factor of 27019140?
True
Is 670 a factor of 1534970?
True
Is 14209730 a multiple of 790?
True
Does 10 divide 43461100?
True
Is 13 a factor of 11081895?
False
Is 19 a factor of 37772247?
True
Is 494 a factor of 195474812?
True
Does 26 divide 185439309?
False
Is 451529343 a multiple of 9?
True
Does 69 divide 317662143?
False
Is 1054 a factor of 35513476?
True
Does 90 divide 53248230?
True
Does 703 divide 250233553?
True
Does 3044 divide 15790172?
False
Is 9048 a factor of 626230176?
True
Is 396913652 a multiple of 316?
False
Is 26 a factor of 359949096?
True
Is 132507905 a multiple of 1277?
True
Is 27772599 a multiple of 3389?
False
Is 2222 a factor of 903555983?
False
Does 161 divide 208414339?
True
Does 7413 divide 819143913?
True
Does 3987 divide 176911164?
True
Is 19056576 a multiple of 410?
False
Does 212 divide 944710240?
False
Is 22 a factor of 1873296251?
False
Does 7333 divide 1204782568?
True
Is 1351062136 a multiple of 548?
False
Is 37583352 a multiple of 108?
True
Does 304 divide 17095440?
True
Is 25 a factor of 23697665?
False
Does 45 divide 63110228?
False
Is 136785656 a multiple of 28?
True
Is 4260965120 a multiple of 32?
True
Does 7 divide 33028832?
False
Does 10 divide 88015805?
False
Is 662 a factor of 73247652?
True
Is 31791814 a multiple of 40?
False
Does 1710 divide 72480060?
True
Is 151516347 a multiple of 1014?
False
Does 19 divide 9112077?
True
Does 56 divide 615996752?
True
Is 116566674 a multiple of 282?
True
Is 236927349 a multiple of 81?
T